251, 40949
List the prime factors of 14057360.
2, 5, 199, 883
List the prime factors of 3510662788.
2, 877665697
What are the prime factors of 442940181?
3, 997, 148091
What are the prime factors of 85264936?
2, 10658117
What are the prime factors of 1177562241?
3, 983, 133103
List the prime factors of 3331674108.
2, 3, 7, 23, 563, 1021
List the prime factors of 6015262941.
3, 251, 1607, 1657
List the prime factors of 110848795.
5, 47, 471697
What are the prime factors of 3161085437?
23473, 134669
What are the prime factors of 4048889682?
2, 3, 163, 1213, 3413
List the prime factors of 173437.
11, 15767
What are the prime factors of 121444645?
5, 7, 1033, 3359
List the prime factors of 1143275688.
2, 3, 1697, 3119
What are the prime factors of 34055675?
5, 17, 227, 353
What are the prime factors of 22561204?
2, 2357, 2393
What are the prime factors of 3173176334?
2, 1586588167
What are the prime factors of 480662010?
2, 3, 5, 5340689
What are the prime factors of 83179828?
2, 97, 214381
List the prime factors of 218422706.
2, 5501, 19853
What are the prime factors of 26375499?
3, 761, 3851
List the prime factors of 2181347277.
3, 3413, 213043
What are the prime factors of 5589780573?
3, 13, 1409, 101723
What are the prime factors of 602962753?
179, 3368507
List the prime factors of 186783722.
2, 29, 3220409
What are the prime factors of 1016158333?
1016158333
What are the prime factors of 417885699?
3, 7, 11, 1809029
What are the prime factors of 321063767?
19, 2377, 7109
What are the prime factors of 4597332407?
4597332407
List the prime factors of 53617267.
11, 4874297
What are the prime factors of 34863526?
2, 17431763
List the prime factors of 2388619993.
10321, 231433
What are the prime factors of 36769083?
3, 13, 37, 83, 307
List the prime factors of 3121370.
2, 5, 7, 17, 43, 61
What are the prime factors of 370080170?
2, 5, 31, 599, 1993
What are the prime factors of 2822223679?
11, 157, 1634177
What are the prime factors of 855282?
2, 3, 142547
List the prime factors of 649029908.
2, 2129, 76213
What are the prime factors of 965505172?
2, 241376293
What are the prime factors of 1199713?
509, 2357
List the prime factors of 734804447.
13, 17, 353, 9419
List the prime factors of 315264284.
2, 78816071
List the prime factors of 1038655943.
13, 379, 210809
List the prime factors of 264673129.
7, 311, 121577
List the prime factors of 1295944451.
61, 21244991
What are the prime factors of 722855972?
2, 29, 43, 313, 463
What are the prime factors of 670129748?
2, 23, 41, 101, 1759
List the prime factors of 3073361322.
2, 3, 283, 569, 3181
List the prime factors of 3260007689.
61, 1621, 32969
List the prime factors of 11190675.
3, 5, 17, 67, 131
What are the prime factors of 309341313?
3, 353, 97369
What are the prime factors of 7972444?
2, 23, 193, 449
List the prime factors of 225367571.
11, 13, 73, 21589
What are the prime factors of 8252838?
2, 3, 11, 41681
What are the prime factors of 154468170?
2, 3, 5, 1716313
What are the prime factors of 1562821484?
2, 7, 29, 274951
List the prime factors of 214210313.
19, 2549, 4423
What are the prime factors of 1972016362?
2, 577, 1708853
List the prime factors of 478332776.
2, 593, 100829
What are the prime factors of 219888866?
2, 109944433
What are the prime factors of 306203820?
2, 3, 5, 13, 392569
What are the prime factors of 67974493?
1607, 42299
List the prime factors of 6264120831.
3, 37, 5431, 10391
What are the prime factors of 223540218?
2, 3, 11, 313, 3607
List the prime factors of 6422436.
2, 3, 59467
What are the prime factors of 258784251?
3, 11, 17, 41, 11251
List the prime factors of 406845698.
2, 7, 29, 1002083
List the prime factors of 505568152.
2, 23, 107, 25679
What are the prime factors of 968382204?
2, 3, 37, 1399, 1559
List the prime factors of 1287405850.
2, 5, 25748117
List the prime factors of 1625760106.
2, 23, 35342611
What are the prime factors of 87780099?
3, 11, 2660003
What are the prime factors of 41455665?
3, 5, 307079
List the prime factors of 80324954.
2, 29, 1384913
What are the prime factors of 18412952?
2, 2301619
List the prime factors of 857282845.
5, 1871, 91639
What are the prime factors of 3287446335?
3, 5, 683, 106961
What are the prime factors of 5951556688?
2, 7, 11, 167, 28927
What are the prime factors of 574749681?
3, 11, 17416657
What are the prime factors of 10315623?
3, 617, 5573
List the prime factors of 276286075.
5, 13, 757, 1123
What are the prime factors of 35231186?
2, 17615593
What are the prime factors of 95134183?
8969, 10607
List the prime factors of 3402870176.
2, 106339693
List the prime factors of 95125525.
5, 11, 281, 1231
What are the prime factors of 37990239?
3, 7, 258437
What are the prime factors of 3293786854?
2, 23557, 69911
List the prime factors of 113405472.
2, 3, 103, 3823
List the prime factors of 4292680382.
2, 2146340191
What are the prime factors of 288222395?
5, 6203, 9293
List the prime factors of 288201201.
3, 23, 1427, 2927
What are the prime factors of 838684888?
2, 104835611
What are the prime factors of 512124376?
2, 64015547
What are the prime factors of 46168233?
3, 19, 367, 2207
What are the prime factors of 2538306891?
3, 263, 1072373
What are the prime factors of 146727101?
19, 7722479
List the prime factors of 2426501639.
3613, 671603
List the prime factors of 1741580396.
2, 5261, 82759
What are the prime factors of 1016638014?
2, 3, 7, 593, 40819
What are the prime factors of 122862790?
2, 5, 12286279
What are the prime factors of 162046224?
2, 3, 23, 47, 347
List the prime factors of 18218939.
47, 439, 883
List the prime factors of 192783345.
3, 5, 89, 144407
What are the prime factors of 2954980573?
601, 4916773
List the prime factors of 7300579047.
3, 71, 79, 433861
List the prime factors of 6523142131.
11, 17, 103, 269, 1259
What are the prime factors of 236071009?
157, 1503637
What are the prime factors of 83755268?
2, 19, 163, 6761
List the prime factors of 1584345638.
2, 792172819
What are the prime factors of 90099396?
2, 3, 2502761
List the prime factors of 1768643.
31, 59, 967
What are the prime factors of 1318428107?
19, 73, 967, 983
What are the prime factors of 3119933209?
19, 164207011
List the prime factors of 1150958310.
2, 3, 5, 17, 2256781
What are the prime factors of 994250099?
107, 9292057
What are the prime factors of 1234356612?
2, 3, 102863051
What are the prime factors of 797774668?
2, 199443667
What are the prime factors of 4108592?
2, 211, 1217
List the prime factors of 60872308.
2, 7, 17, 18269
What are the prime factors of 70420821?
3, 19, 41, 30133
What are the prime factors of 1874839011?
3, 2341, 266957
What are the prime factors of 2305238846?
2, 83, 13886981
What are the prime factors of 185445027?
3, 17, 421, 2879
What are the prime factors of 6882481?
37, 186013
List the prime factors of 4107394824.
2, 3, 13, 13164727
What are the prime factors of 2181983177?
11, 1453, 136519
List the prime factors of 2598200.
2, 5, 11, 1181
What are the prime factors of 820456901?
11, 71, 199, 5279
What are the prime factors of 282549524?
2, 47, 1502923
What are the prime factors of 1563505070?
2, 5, 41, 3813427
What are the prime factors of 54142792?
2, 11, 615259
List the prime factors of 816846700.
2, 5, 97, 84211
List the prime factors of 292619979.
3, 47, 293, 787
What are the prime factors of 6245142726?
2, 3, 1040857121
List the prime factors of 221100043.
227, 974009
What are the prime factors of 956374345?
5, 191274869
What are the prime factors of 464162619?
3, 229, 587, 1151
What are the prime factors of 256265160?
2, 3, 5, 19, 112397
What are the prime factors of 95610659?
71, 1346629
List the prime factors of 594811282.
2, 13, 22877357
What are the prime factors of 47649798?
2, 3, 7, 79, 4787
What are the prime factors of 333320132?
2, 83330033
List the prime factors of 6369729753.
3, 2123243251
List the prime factors of 771630052.
2, 19, 31, 327517
List the prime factors of 623640129.
3, 7, 29697149
What are the prime factors of 23189423?
79, 109, 2693
What are the prime factors of 2978288742?
2, 3, 11, 13, 1733, 2003
List the prime factors of 16835996.
2, 4208999
What are the prime factors of 1443660780?
2, 3, 5, 23, 173, 6047
List the prime factors of 49647388.
